1871. Calculate z(72).
-1
Let v(h) = -32*h**2 - 41*h - 375. Calculate v(-10).
-3165
Let o(z) = -164338*z - 493006. Give o(-3).
8
Let w(v) = -1120*v + 22371. What is w(20)?
-29
Let l(r) = r**2 - 852*r + 172682. What is l(332)?
42
Let v(y) = -25*y**2 + 381*y - 3368. Determine v(9).
-1964
Let v(o) = -2*o**3 - 11*o**2 + 114*o + 1129. Give v(-9).
670
Let l(r) = 1127*r**2 + 11272*r + 16. What is l(-10)?
-4
Let t(v) = v**3 + 43*v**2 - 119*v + 24. Give t(-46).
-850
Let u(i) = i**3 - 3*i**2 - 170*i - 423. What is u(-3)?
33
Let t(y) = -27*y**3 - 315*y**2 - 79*y - 2189. What is t(-12)?
55
Let f(w) = 12*w**3 + 99*w**2 + 10*w + 135. What is f(-9)?
-684
Let k(p) = -1277*p**2 - 5361*p - 1019. Calculate k(-4).
-7
Let s(p) = p**2 - 9752*p + 12997285. Determine s(1593).
-2
Let q(r) = 42*r**2 - 792*r + 651. Calculate q(18).
3
Let d(i) = -328*i**2 + 83*i. What is d(2)?
-1146
Let d(i) = 8*i**3 - 244*i**2 + 565*i - 143. Calculate d(28).
-3
Let f(x) = 10*x**2 - 542*x + 7571. What is f(15)?
1691
Let r(y) = -113372*y + 340122. Determine r(3).
6
Let b(d) = 9*d**3 + 12*d**2 - 338*d - 9. Determine b(6).
339
Let t(q) = -q**2 - 66*q - 619. Calculate t(-61).
-314
Let f(c) = 21*c**3 - 4927*c**2 - 1880*c + 7. Determine f(235).
7
Let d(l) = 40*l**2 - 128*l - 981. Give d(-8).
2603
Let k(t) = 1638*t + 12888. What is k(-8)?
-216
Let c(a) = -a**3 - 22*a**2 - 36*a + 433. Calculate c(-17).
-400
Let s(x) = 79*x**2 + 934*x + 1482. Calculate s(-10).
42
Let q(g) = -52*g**2 + 526*g - 21. Determine q(8).
859
Let j(p) = 60634*p - 60648. Give j(1).
-14
Let i(w) = 29*w - 2807. Give i(0).
-2807
Let d(t) = -11*t**2 - 549*t - 2482. What is d(-5)?
-12
Let g(d) = d**2 - 1189*d - 25384. Determine g(-21).
26
Let u(l) = -4849*l - 504283. What is u(-104)?
13
Let s(i) = -17946*i + 233278. Determine s(13).
-20
Let l(u) = -73*u - 8990. Calculate l(-99).
-1763
Let v(h) = 31*h**2 + 992*h + 1858. Determine v(-30).
-2
Let y(z) = -z**3 - 156*z**2 - 2459*z + 289. Calculate y(-18).
-161
Let t(c) = -82*c**2 + 1303*c - 2091. What is t(14)?
79
Let q(w) = 3*w**3 + 53*w**2 + 5697*w + 71689. Calculate q(-13).
-6
Let b(o) = 610*o + 39. What is b(-2)?
-1181
Let z(y) = 463*y - 10489. Give z(23).
160
Let u(z) = -z**2 - 19*z + 472. Determine u(-33).
10
Let n(c) = -5*c**2 - 8663*c - 3623901. What is n(-706)?
-3
Let i(x) = 17443*x - 313964. Give i(18).
10
Let q(n) = 6164*n - 12236. What is q(2)?
92
Let x(m) = -14*m**2 + 174*m - 75. Give x(-11).
-3683
Let g(p) = p**3 + 81*p**2 + 44*p + 350. Determine g(-81).
-3214
Let d(u) = -1528*u - 394034. Give d(-258).
190
Let m(u) = -u**3 - 49*u**2 + 31*u + 1858. Calculate m(-49).
339
Let b(r) = -4855*r + 393259. Give b(81).
4
Let q(r) = -r**2 + 25576*r - 102272. What is q(4)?
16
Let q(c) = -12902*c - 64608. Determine q(-5).
-98
Let u(g) = g**2 - 5791*g - 321684. Determine u(-55).
-154
Let o(q) = -692*q - 21416. Determine o(-31).
36
Let r(p) = 2524*p + 3912203. Calculate r(-1550).
3
Let r(q) = -3*q**3 + 24*q**2 + 1851*q - 12968. Give r(7).
136
Let u(b) = -16*b**2 - 90*b - 229. Calculate u(-4).
-125
Let x(g) = g**3 - 271*g**2 - 4889*g + 119. Determine x(-17).
0
Let u(g) = g**3 + 172*g**2 + 808*g - 71. What is u(-5)?
64
Let y(r) = 1362*r + 2639. Give y(-2).
-85
Let w(g) = -3*g**2 + 359*g - 876. Calculate w(117).
60
Let v(y) = -782*y + 216621. Give v(277).
7
Let u(f) = -f**2 + 3629*f + 18169. Give u(-5).
-1
Let v(t) = 20181*t + 504539. Calculate v(-25).
14
Let f(g) = 459*g - 26679. What is f(71)?
5910
Let t(k) = -17*k**2 - 402*k + 801. What is t(2)?
-71
Let y(n) = -n**3 - 25*n**2 + 109*n - 2954. Determine y(-31).
-567
Let l(a) = -304*a**2 + 1814*a - 540. Calculate l(6).
-600
Let x(m) = 117*m + 10316. Give x(-88).
20
Let v(r) = r**3 + 366*r**2 + 4598*r - 18. Calculate v(-13).
-135
Let a(c) = -c**2 + 23625*c + 12. Calculate a(0).
12
Let g(n) = 32962*n**2 + 98885*n - 1. Calculate g(-3).
2
Let q(p) = 9*p**2 + 1418*p - 3281. What is q(-160)?
239
Let u(z) = z**3 + 21*z**2 + 11*z - 14. Give u(-14).
1204
Let j(p) = p**2 - 195*p - 2620. Give j(207).
-136
Let d(c) = -c**2 + 7251*c - 2105252. Calculate d(303).
-8
Let c(q) = 4*q**3 - 131*q**2 - 426*q + 16797. Determine c(32).
93
Let l(t) = 4*t**2 - 71*t - 6787. Give l(51).
-4
Let m(h) = 2*h**2 - 50*h + 503. Give m(25).
503
Let n(z) = -11283*z - 4. Give n(0).
-4
Let v(i) = 41*i**2 - 631*i + 3285. Give v(6).
975
Let x(z) = -6474*z + 543697. Calculate x(84).
-119
Let i(k) = -1159*k - 11178. Determine i(-9).
-747
Let x(t) = -45274*t - 226393. What is x(-5)?
-23
Let a(l) = 3*l**2 + 1063*l + 10728. What is a(-344)?
64
Let n(l) = -101*l**2 + 24*l + 128. Calculate n(-4).
-1584
Let g(r) = 5*r**2 + 4159*r - 20792. Calculate g(5).
128
Let n(j) = -312*j - 5457. Give n(-19).
471
Let m(r) = -3*r**3 + 118*r**2 + 217*r - 5610. Determine m(40).
-130
Let g(j) = -316569*j - 14245616. Calculate g(-45).
-11
Let c(k) = 5*k**3 - 3445*k**2 - 59*k + 40620. What is c(689)?
-31
Let g(s) = -2*s**2 + 161*s - 3575. Give g(15).
-1610
Let f(o) = 78*o - 2561. Give f(38).
403
Let i(t) = -t**2 + 1309*t + 38838. Calculate i(-29).
36
Let m(n) = 13*n**2 + 1679905*n + 1679906. What is m(-1)?
14
Let y(p) = 272*p - 3665. What is y(11)?
-673
Let x(f) = 391*f + 104444. Give x(-265).
829
Let a(i) = -208*i + 15348. Give a(76).
-460
Let s(r) = 3*r**3 - 12*r**2 + 1061*r - 14213. Determine s(11).
-1
Let x(n) = 20*n + 15805. Give x(-790).
5
Let r(m) = -3858*m - 19873. Determine r(-5).
-583
Let x(m) = 11459*m - 435396. Give x(38).
46
Let u(z) = -2682*z - 72424. What is u(-27)?
-10
Let k(h) = h**3 + 67*h**2 - 8*h - 411. Calculate k(-67).
125
Let j(z) = 2*z**3 + 598*z**2 - 1181*z - 30. Calculate j(2).
16
Let w(v) = 8*v**2 - 187*v - 36237. Calculate w(80).
3
Let s(b) = -b**2 - 3160*b + 12652. Determine s(4).
-4
Let n(m) = -m**3 - 10*m**2 + 27*m - 1547. What is n(-17)?
17
Let a(v) = 7033*v + 1039. Calculate a(0).
1039
Let v(x) = 28117*x - 168695. Determine v(6).
7
Let y(c) = -2893*c**2 - 14703*c - 1206. Determine y(-5).
-16
Let q(l) = 676*l - 50003. Calculate q(73).
-655
Let h(p) = 18*p**2 - 5229*p + 334316. Give h(95).
11
Let v(w) = 3*w**2 + 330*w - 1258440. Give v(-705).
-15
Let o(y) = 19*y**2 - 430*y - 12. What is o(22)?
-276
Let c(o) = 2*o**3 - 66*o**2 + 3*o + 430. Determine c(33).
529
Let u(j) = 3*j**3 - 133*j**2 + 413*j - 16253. What is u(44)?
-17
Let s(n) = 2*n**2 + 30*n - 1157. Calculate s(19).
135
Let n(l) = 3*l**3 + 15*l**2 - 44*l - 15. What is n(-9)?
-591
Let f(y) = -576*y**2 - 8639*y + 7. Give f(-15).
-8
Let h(n) = -6*n**3 - 24*n**2 + 17*n + 75. What is h(-4)?
7
Let p(t) = -t**2 - 33458*t + 502089. Determine p(15).
-6
Let i(n) = -26102*n - 548162. Give i(-21).
-20
Let j(p) = p**3 - 106*p**2 + 2363*p - 3757. What is j(29)?
13
Let g(v) = -38931*v + 1051113. Calculate g(27).
-24
Let l(w) = w**2 + 8*w + 150. Give l(11).
359
Let v(z) = -z**3 - 11*z**2 + 14*z - 599. Give v(-15).
91
Let m(o) = 400*o + 9849. Give m(-33).
-3351
Let w(g) = -269209*g + 2153677. What is w(8)?
5
Let u(j) = -j**3 + 216*j**2 - 18830*j + 4067280. Calculate u(216).
0
Let c(r) = -145*r**2 + 11740*r - 14. Calculate c(81).
-419
Let l(x) = 41*x**2 + 5521*x + 97862. Give l(-21).
2
Let u(b) = b**3 - 40*b**2 - 387*b - 42. Give u(-8).
-18
Let h(t) = -2*t**3 - 230*t**2 + 675*t + 63. Determine h(3).
-36
Let m(d) = d**3 + 66*d**2 - 1036*d + 56. Give m(13).
-61
Let c(h) = -126*h**2 + 6904*h - 68462. Give c(13).
-4
Let r(c) = c**3 - 216*c**2 + 8068*c - 667. Give r(168).
5
Let c(h) = 2*h**3 - 270*h**2 + 787*h + 215. What is c(132)?
-445
Let v(r) = 16*r**2 - 1187*r - 16191. Calculate v(86).
63
Let g(o) = -29401*o - 146993. Give g(-5).
12
Let u(k) = 135686*k - 7191360. Calculate u(53).
-2
Let v(i) = -33*i**2 - 6317*i - 2467. Determine v(-191).
207
Let n(h) = -55*h**2 + 363*h - 807. Calculate n(2).
-301
Let l(d) = -454117*d + 908243. What is l(2)?
9
Let i(h) = h**3 + 20*h**2 - 162*h + 1074. Determine i(-28).
-662
Let z(r) = 1228*r**2 + 23293*r - 743. Give z(-19).
-2
Let g(p) = -16326*p**2 + 408152*p - 59. Calculate g(25).
-9
Let s(b) = -800*b - 81245. What is s(-103)?
1155
Let q(t) = -441*t - 5088. Determine q(-12).
204
Let g(t) = -2818*t - 56365. Determine g(-20).
-5
Let o(a) = -15014*a - 120117. Calculate o(-8).
-5
Let g(d) = -2*d**3 + 634*d**2 + 9239*d + 9593. What is g(331)?
-6
Let w(o) = -2046*o + 12028. Calculate w(6).
-248
Let t(